 p.
18
Let p = 6 + 10. Let w be -4*33/(-24)*2. Suppose -5*q + 51 = w. What is the highest common factor of p and q?
8
Let k = 33 - 15. Suppose 5*q + 4*w = 61, 3*w = q - 2*w - k. Calculate the greatest common factor of q and 117.
13
Let z be ((-8)/(-14))/(3/(84/8)). Suppose -5*b = 0, 2*f - 2*b = 3*b + 420. Suppose y + z*y - f = 0. Calculate the highest common divisor of y and 14.
14
Suppose -5*y + 55 = -3*s, 0 = -3*y + 2*s - s + 33. Let n(k) = 31*k - 3. Let d be n(4). What is the greatest common divisor of y and d?
11
Let s be ((-9)/3)/(-3)*46. Let a = s + -21. Calculate the greatest common factor of 5 and a.
5
Suppose -3*o + 550 = 8*o. What is the highest common divisor of 20 and o?
10
Let a be (-5)/((-6)/(-4) - 2). Suppose 2*s - 42 = -b + 30, -3*s + 99 = -3*b. Let r = s + -10. Calculate the greatest common factor of a and r.
5
Let w be -8*(3/6)/1. Let n be (4/5)/(w/(-210)). What is the highest common divisor of 105 and n?
21
Suppose 5*g = -0*g + 200. Let y(n) be the third derivative of -n**4/8 + n**3/6 - n**2. Let p be y(-3). What is the greatest common factor of p and g?
10
Let c = 51 - 9. What is the greatest common factor of c and 6?
6
Let m(l) = -l**3 + 6*l**2 - 3. Let r be m(6). Let z be 1234/8 - r/(-12). Calculate the greatest common divisor of z and 14.
14
Let a be 5 - (-4 + 9/3). What is the greatest common divisor of 6 and a?
6
Let q be ((-7)/(-1))/((-6)/(-48)). Let f be (-6)/4*q/(-6). Suppose -4*p + 14 = -42. What is the highest common factor of p and f?
14
Let r = -6 - -11. Suppose u = -r*a + 2*u + 161, a - 34 = 2*u. Suppose -5*c = 2*g - 22, -3*c - 2*g + 13 = -g. Calculate the highest common divisor of c and a.
4
Let c = 105 + -25. Calculate the highest common divisor of c and 10.
10
Let q = -27 + 63. What is the greatest common divisor of q and 8?
4
Let c(l) = -33*l + 9. Let f be c(-3). What is the highest common factor of 12 and f?
12
Suppose 0*u + 4*u - 16 = 0. Let f = u - -1. Calculate the highest common factor of 25 and f.
5
Suppose 4*z + 50 = 5*p, 5 = -p + 2*z + 21. Let h be ((-64)/p)/(1/(-6)). What is the greatest common factor of 8 and h?
8
Let q(x) = 34*x - 5. Let s(c) = 69*c - 11. Let u(g) = -13*q(g) + 6*s(g). Let h be u(-1). Calculate the highest common factor of h and 9.
9
Let k = 425 - 272. Let l be (-327)/(-12) - (-3)/(-12). Suppose 2*z = -5*t + 91, 3*z + 15 = 3*t - l. What is the highest common divisor of k and t?
17
Let w be 48*(3/6)/1. Calculate the highest common divisor of 60 and w.
12
Let f be 25/(-20) + 3/(-4). Let b(s) = -3*s. Let w be b(f). Calculate the highest common divisor of 2 and w.
2
Suppose -r + 22 = 2*l - 27, 5*l + 5*r = 135. Calculate the highest common factor of l and 242.
22
Suppose 4*h = 3*h. Suppose 3*r = r - 2, -5*y + 3*r + 8 = h. What is the greatest common factor of 3 and y?
1
Let q(p) be the second derivative of -p**3/2 - 5*p**2/2 + 3*p. Let s be q(-6). Calculate the greatest common divisor of 13 and s.
13
Suppose -5*q + 224 = 4*n, 2*n + 3*n + 116 = 2*q. Suppose 4*b + 5*s - q = 0, -2*b = -b - 5*s - 12. Calculate the greatest common factor of b and 60.
12
Let n be (76/20 - 3)*-5. Let t(c) = -4*c - 6. Let u be t(n). What is the highest common factor of u and 4?
2
Suppose 2 + 3 = i. Suppose -2*p + 15 = i*z - 53, 0 = -4*z - 5*p + 68. Calculate the highest common factor of z and 12.
12
Let x = 8 + 4. Suppose -2*p + 6*p - x = 0. Let l be 3*(-20)/(-9)*p. Calculate the greatest common factor of 20 and l.
20
Let v(q) = -54*q + 3. Let i be v(-3). Suppose 5*f + 3*n = 78, 0 = -f - 3*f + 5*n + 55. What is the greatest common factor of f and i?
15
Let x(p) = 21 + 9*p**2 - 34 + 16 + 3*p. Let q be x(3). What is the highest common factor of 31 and q?
31
Let d be -49*((-24)/4)/3. What is the highest common factor of 14 and d?
14
Let h be (5 - 1)/(-4) - -3. Suppose 3*r + 4 + h = 0, -2*l - r + 110 = 0. Calculate the greatest common divisor of l and 7.
7
Suppose -2*d + 7 = -1. What is the highest common divisor of d and 1?
1
Let a(x) = x**3 + 5*x**2 + 5*x + 6. Let g be a(-4). Let r be (1 + g)*2/6. What is the highest common divisor of 1 and r?
1
Suppose x - 50 = -23. Calculate the greatest common divisor of 81 and x.
27
Suppose 5*r = r - 5*s - 99, 2*s - 54 = 2*r. Suppose 3*w = -w - 68. Let p = w - r. What is the greatest common divisor of p and 1?
1
Let d be 1 - (12/2 + -2 + -25). What is the greatest common factor of d and 88?
22
Let x be -1 - (-41)/(-2)*-2. Calculate the greatest common divisor of 10 and x.
10
Let i = 56 - 40. What is the greatest common divisor of 40 and i?
8
Suppose 3*d + 5*c + 14 = -8, 3*c + 15 = 0. Let i be (1 - -1)*4/((-8)/(-11)). What is the highest common divisor of i and d?
1
Suppose z + 3*k = 0, z - 2*k = -z + 32. What is the greatest common divisor of z and 108?
12
Let p = 7 - -5. Suppose -5 = c - p. Calculate the highest common factor of c and 49.
7
Let q(z) be the third derivative of z**5/60 + 5*z**4/24 + 2*z**3/3 + 2*z**2. Let b be q(-5). Let h = 13 + -9. Calculate the greatest common factor of h and b.
4
Suppose 3*z + 12 - 2 = -2*h, 0 = 3*z + 12. Suppose 0 = -5*a - 0*a + 15. Calculate the greatest common factor of a and h.
1
Let c be (77/(-21))/((-3)/(-594)*-2). What is the highest common factor of c and 33?
33
Let u(z) = 3*z**2 + 17*z. Let x be u(-7). Suppose -q + 0*t = -t + 75, -q - 80 = -2*t. Let p be (8/10)/((-4)/q). Calculate the highest common divisor of p and x.
14
Suppose 3*g = -24 + 129. Calculate the highest common factor of 7 and g.
7
Let l be (2/(-3))/(2/(-33)). Let o = 3 + 1. Suppose 40 = x - o. What is the highest common divisor of l and x?
11
Let t be (9/(-4))/(6/(-16)). Suppose -36 = -2*j - 2*f, 3*f + 93 = -2*j + t*j. Calculate the highest common factor of j and 7.
7
Let o(s) = s**2 + 15*s - 50. Let z be o(-19). What is the greatest common divisor of 104 and z?
26
Suppose -2*b + 131 = 5*l, -4*l - 5*b - 60 = -7*l. Calculate the highest common factor of l and 100.
25
Suppose 105 = 2*r + 2*s - 5*s, 2*s = -2*r + 90. What is the highest common divisor of r and 32?
16
Let c be 1/(3/144*1). Suppose 2*l = 6*l - c. Suppose 3*s + 2*s - 660 = 0. What is the greatest common divisor of s and l?
12
Let l = -16 + 30. Suppose j = 6*j - 20. Let y be j/6*(21 + 0). Calculate the greatest common factor of l and y.
14
Let v be (3/2)/(6/392). What is the greatest common factor of 14 and v?
14
Let z be ((-2)/(-12) + 244/(-24))*-1. What is the greatest common factor of z and 110?
10
Let g = 1 - 0. Let f be g/2*(7 + -1). Let d be ((-9)/((-225)/(-40)))/((-4)/30). What is the greatest common factor of f and d?
3
Let j = 13 - 0. Let f(h) = h**2 + h - 2. Let w be f(-4). Let y = 49 - w. What is the greatest common divisor of j and y?
13
Let c(x) = -x**2 - 10*x - 4. Let p be c(-12). Let n be ((-6)/12)/(1/p). What is the highest common factor of 7 and n?
7
Let g(t) = 4*t**3 + t**2 - t + 1. Let a be g(2). Let b(j) = 2*j - 7 + 1 + 1. Let z be b(6). What is the greatest common factor of a and z?
7
Suppose -3*i + 62 = 17. Let l = -12 - -27. Calculate the highest common factor of l and i.
15
Suppose -4*l = -2*l - 10. Let z be 1/(1/(-5))*-1. Calculate the highest common divisor of l and z.
5
Let f(d) = 18*d + 10. Let u be f(3). Calculate the greatest common divisor of u and 16.
16
Let i(v) = v**2 - 3*v - 5. Let t be i(-4). What is the greatest common factor of 115 and t?
23
Suppose -2*b = -6 - 0. Suppose -50 = -5*w - 5*j, b*w - 2*j = -4*j + 33. What is the greatest common divisor of 91 and w?
13
Let f = 13 + -6. Let w(k) = -k**2 + 13*k - 12. Let h be w(f). Let t = -17 + 29. Calculate the highest common factor of t and h.
6
Let u(c) = -c**2 + 10*c - 15. Let a be u(5). Calculate the highest common factor of a and 20.
10
Let r be 1 - 3 - 615/(-5). Calculate the highest common divisor of r and 11.
11
Let n(d) = d**3 - 6*d**2 - 4. Let q be n(6). Let j = q - -19. Let a be -1 + 1 - 165*-1. Calculate the greatest common factor of a and j.
15
Let b = 7 + -7. Suppose b = 5*a - 226 - 239. Calculate the highest common divisor of 62 and a.
31
Let a be (-1)/(-2)*-1*-18. Let s be 15/((-2)/(12/9)). Let x be (108/(-10))/(4/s). Calculate the highest common divisor of a and x.
9
Let g be ((-210)/(-40))/((-12)/(-160)). Suppose 4*p - 3 - 1 = 0. Let c(a) = 13*a + 1. Let t be c(p). Calculate the greatest common divisor